176846?
False
Is 1091316 a multiple of 457?
True
Is 91783 a multiple of 226?
False
Is 80 a factor of 76999?
False
Does 204 divide 195840?
True
Does 3 divide 2852?
False
Does 12 divide 192912?
True
Is 259347 a multiple of 87?
True
Does 9 divide 169434?
True
Is 10 a factor of 44530?
True
Does 37 divide 87042?
False
Is 13 a factor of 6227?
True
Does 392 divide 447150?
False
Is 105 a factor of 277410?
True
Is 777147 a multiple of 317?
False
Is 7 a factor of 9289546?
True
Is 446348 a multiple of 19?
True
Is 2288843 a multiple of 9?
False
Is 18 a factor of 346381?
False
Does 564 divide 404418?
False
Is 1175377 a multiple of 974?
False
Is 5889886 a multiple of 48?
False
Does 13 divide 487643?
True
Is 4572648 a multiple of 18?
True
Is 1964285 a multiple of 569?
False
Does 30 divide 754770?
True
Is 1376671 a multiple of 16?
False
Is 183 a factor of 60952?
False
Is 107049 a multiple of 23?
False
Is 67 a factor of 61841?
True
Is 2312044 a multiple of 497?
True
Does 23 divide 2049652?
False
Does 60 divide 155395?
False
Is 412 a factor of 1842052?
True
Does 282 divide 588473?
False
Is 4 a factor of 26164?
True
Is 83362 a multiple of 81?
False
Does 279 divide 126403?
False
Is 48 a factor of 216419?
False
Does 22 divide 668294?
True
Is 609 a factor of 2816625?
True
Does 10 divide 44260?
True
Is 188 a factor of 8495532?
True
Is 2179786 a multiple of 14?
True
Does 67 divide 81807?
True
Does 39 divide 47720?
False
Does 38 divide 1865496?
True
Is 36167 a multiple of 13?
False
Does 392 divide 215992?
True
Does 12 divide 86579?
False
Does 133 divide 105203?
True
Is 23 a factor of 3994235?
False
Does 8 divide 508084?
False
Does 37 divide 10311180?
False
Is 328890 a multiple of 15?
True
Does 248 divide 3462068?
False
Does 3 divide 1403554?
False
Is 1152069 a multiple of 37?
True
Is 2843949 a multiple of 31?
False
Does 11 divide 36553?
True
Is 36240 a multiple of 172?
False
Is 483621 a multiple of 61?
False
Is 5 a factor of 3427280?
True
Is 13546028 a multiple of 129?
False
Does 28 divide 124205?
False
Is 82 a factor of 30070?
False
Is 46266 a multiple of 4?
False
Is 1977430 a multiple of 455?
True
Does 734 divide 2337056?
True
Does 67 divide 55373?
False
Is 2531265 a multiple of 11?
True
Does 44 divide 1592695?
False
Is 36681 a multiple of 201?
False
Is 271741 a multiple of 34?
False
Does 7 divide 65650?
False
Is 7024 a multiple of 8?
True
Does 7 divide 7?
True
Is 14628443 a multiple of 2030?
False
Is 84 a factor of 90724?
False
Is 1667 a factor of 6366202?
False
Is 126 a factor of 1124031?
False
Is 55 a factor of 122140?
False
Is 93402 a multiple of 17?
False
Does 4 divide 679528?
True
Is 5 a factor of 1056366?
False
Does 155 divide 1254570?
True
Is 17 a factor of 19032037?
False
Is 314 a factor of 143812?
True
Does 6 divide 108734?
False
Is 73292 a multiple of 14?
False
Is 42777 a multiple of 37?
False
Is 8 a factor of 36040?
True
Is 361713 a multiple of 132?
False
Is 124 a factor of 1369704?
True
Is 5818684 a multiple of 73?
True
Is 322879 a multiple of 220?
False
Is 290 a factor of 1273473?
False
Is 330 a factor of 25015119?
False
Is 309 a factor of 335883?
True
Is 1331000 a multiple of 44?
True
Is 655024 a multiple of 38?
False
Is 181 a factor of 8012508?
True
Does 20 divide 9161?
False
Is 111 a factor of 2519579?
False
Does 296 divide 968512?
True
Does 50 divide 1389050?
True
Is 181 a factor of 2566484?
False
Does 33 divide 1419031?
False
Is 5207 a multiple of 23?
False
Is 52 a factor of 525720?
True
Is 1449 a factor of 4289700?
False
Does 4 divide 731368?
True
Is 6431136 a multiple of 744?
True
Is 51 a factor of 358960?
False
Is 1955290 a multiple of 41?
True
Does 113 divide 545903?
True
Is 15824 a multiple of 99?
False
Does 6 divide 141750?
True
Is 330 a factor of 201495?
False
Does 526 divide 701158?
True
Is 6919021 a multiple of 232?
False
Is 292 a factor of 2869192?
True
Does 37 divide 16391?
True
Is 87064 a multiple of 5?
False
Does 11 divide 962247?
True
Is 21 a factor of 488727?
False
Is 4831172 a multiple of 185?
False
Is 8 a factor of 3257581?
False
Does 19 divide 5807724?
False
Is 65 a factor of 280995?
True
Does 128 divide 79744?
True
Does 28 divide 17216192?
True
Is 3261 a multiple of 6?
False
Is 34 a factor of 9144705?
False
Is 62 a factor of 1007190?
True
Is 9 a factor of 112320?
True
Is 31 a factor of 2074932?
False
Is 17 a factor of 245259?
True
Is 14 a factor of 10365754?
True
Does 13 divide 404833?
True
Is 64 a factor of 175616?
True
Is 1607227 a multiple of 9?
False
Does 19 divide 4465032?
False
Is 346991 a multiple of 35?
False
Is 38 a factor of 432592?
True
Is 13896885 a multiple of 1282?
False
Is 262 a factor of 4195147?
False
Is 5740 a multiple of 20?
True
Is 5637136 a multiple of 41?
False
Is 14 a factor of 101430?
True
Is 10533634 a multiple of 91?
False
Is 763219 a multiple of 94?
False
Is 198 a factor of 592614?
True
Is 37562 a multiple of 7?
True
Is 223 a factor of 1838858?
True
Is 209 a factor of 221958?
True
Is 33 a factor of 6364677?
True
Does 38 divide 703114?
True
Is 2413784 a multiple of 516?
False
Is 3936 a multiple of 41?
True
Is 92 a factor of 121348?
True
Does 263 divide 1193755?
False
Does 162 divide 415432?
False
Does 31 divide 383399?
False
Does 90 divide 121770?
True
Does 10 divide 61540?
True
Does 10 divide 1289195?
False
Is 333312 a multiple of 28?
True
Does 375 divide 2159136?
False
Does 83 divide 455506?
False
Does 8 divide 10339?
False
Does 220 divide 293480?
True
Is 805953 a multiple of 9?
False
Is 1435241 a multiple of 29?
False
Is 53 a factor of 102343?
True
Is 9261617 a multiple of 23?
True
Is 151467 a multiple of 7?
False
Is 26 a factor of 1336420?
False
Does 14 divide 28980?
True
Does 25 divide 106701?
False
Does 21 divide 10181472?
True
Is 191 a factor of 3771157?
False
Is 37 a factor of 218812?
False
Is 11 a factor of 391108?
False
Is 11755989 a multiple of 189?
True
Does 12 divide 114468?
True
Does 36 divide 1184904?
True
Is 1207104 a multiple of 106?
False
Is 95918 a multiple of 4?
False
Does 107 divide 902545?
True
Is 13 a factor of 438074?
True
Is 476 a factor of 1063659?
False
Is 3069 a multiple of 17?
False
Does 11 divide 1288298?
True
Is 1740 a factor of 15710460?
True
Is 2275274 a multiple of 802?
True
Is 82238 a multiple of 183?
False
Does 261 divide 3503664?
True
Does 6 divide 2114192?
False
Is 34 a factor of 1192457?
False
Is 43 a factor of 566740?
True
Is 79194 a multiple of 58?
False
Is 236175 a multiple of 3?
True
Is 10 a factor of 1612735?
False
Does 3 divide 5216?
False
Is 103005 a multiple of 105?
True
Does 56 divide 204041?
False
Is 297790 a multiple of 396?
False
Does 50 divide 6482275?
False
Does 82 divide 2611023?
False
Does 277 divide 122157?
True
Is 1702549 a multiple of 254?
False
Is 46 a factor of 523819?
False
Is 97152 a multiple of 24?
True
Is 8366 a multiple of 47?
True
Does 151 divide 14594?
False
Is 229 a factor of 1913753?
True
Is 15 a factor of 351603?
False
Does 91 divide 366184?
True
Does 1506 divide 2968326?
True
Is 101 a factor of 1319565?
True
Does 476 divide 179928?
True
Is 405132 a multiple of 636?
True
Does 6 divide 170673?
False
Is 542334 a multiple of 14?
False
Does 14 divide 26362?
True
Is 7167287 a multiple of 9?
False
Is 1963377 a multiple of 219?
False
Is 204 a factor of 127296?
True
Is 2295810 a multiple of 43?
False
Does 85 divide 40073?
False
Is 5663805 a multiple of 15?
True
Is 103 a factor of 4300254?
False
Is 582 a factor of 116111?
False
Is 9 a factor of 1908316?
False
Is 5453121 a multiple of 86?
False
Does 78 divide 23712?
True
Is 54404 a multiple of 55?
False
Does 16 divide 81456?
True
Does 298 divide 299967?
False
Is 2886074 a multiple of 494?
False
Does 580 divide 291740?
True
Does 10 divide 328990?
True
Does 112 divide 615965?
False
Is 155772 a multiple of 6?
True
Does 13 divide 841178?
True
Is 182035 a multiple of 49?
True
Does 195 divide 2581215?
True
Is 757693 a multiple of 54?
False
Does 86 divide 1751734?
True
Does 47 divide 111822?
False
Is 23439 a multiple of 12?
False
Does 21 divide 21390?
False
Does 4 divide 1336696?
True
Does 718 divide 478188?
True
Is 17 a factor of 3322116?
False
Does 77 divide 899360?
True
Is 14 a factor of 595126?
True
Is 991795 a multiple of 659?
True
Does 18 divide 1849084?
False
Does 12 divide 2064348?
True
I